?
30
Calculate the remainder when 1254791 is divided by 209130.
11
Calculate the remainder when 18583267 is divided by 318.
301
What is the remainder when 46058 is divided by 45946?
112
What is the remainder when 6722173 is divided by 1426?
9
What is the remainder when 66835 is divided by 403?
340
What is the remainder when 914645 is divided by 223?
122
Calculate the remainder when 12733890 is divided by 2475.
15
What is the remainder when 3791576 is divided by 11595?
11
What is the remainder when 8069445 is divided by 199?
194
Calculate the remainder when 2711244 is divided by 2711237.
7
What is the remainder when 2779076 is divided by 40273?
239
What is the remainder when 214071360 is divided by 6689730?
0
Calculate the remainder when 7590556 is divided by 271091.
8
Calculate the remainder when 5607627 is divided by 387.
384
What is the remainder when 5351815 is divided by 1401?
1396
What is the remainder when 456070 is divided by 717?
58
Calculate the remainder when 60220599 is divided by 1364.
1363
What is the remainder when 290269 is divided by 964?
105
Calculate the remainder when 26709 is divided by 3086.
2021
Calculate the remainder when 241157 is divided by 241095.
62
What is the remainder when 6077533 is divided by 2056?
2053
Calculate the remainder when 1741454 is divided by 75715.
9
Calculate the remainder when 412452167 is divided by 407.
402
What is the remainder when 83857 is divided by 27814?
415
Calculate the remainder when 3141711 is divided by 11679.
60
Calculate the remainder when 762173 is divided by 6029.
2519
Calculate the remainder when 356663 is divided by 3724.
2883
What is the remainder when 13169621 is divided by 104?
101
Calculate the remainder when 998967 is divided by 42.
39
Calculate the remainder when 1118222 is divided by 7264.
6830
What is the remainder when 302075 is divided by 25146?
323
Calculate the remainder when 442277 is divided by 11634.
185
What is the remainder when 341370 is divided by 170683?
4
Calculate the remainder when 1100827 is divided by 429.
13
What is the remainder when 2552309 is divided by 2552298?
11
What is the remainder when 46897 is divided by 2308?
737
Calculate the remainder when 241583 is divided by 101.
92
What is the remainder when 900313 is divided by 164?
117
What is the remainder when 444101 is divided by 4229?
56
Calculate the remainder when 5171552 is divided by 226.
220
Calculate the remainder when 37039 is divided by 37036.
3
Calculate the remainder when 6833938 is divided by 46.
40
What is the remainder when 251126 is divided by 47?
5
What is the remainder when 36621 is divided by 199?
5
What is the remainder when 1517952 is divided by 84330?
12
What is the remainder when 761657 is divided by 190374?
161
Calculate the remainder when 38546 is divided by 6783.
4631
What is the remainder when 1173042 is divided by 167576?
10
What is the remainder when 260594 is divided by 1144?
906
Calculate the remainder when 1008618 is divided by 13266.
402
What is the remainder when 381411 is divided by 1393?
1122
Calculate the remainder when 203937677 is divided by 57.
56
What is the remainder when 129522284 is divided by 352?
12
Calculate the remainder when 930841 is divided by 930742.
99
Calculate the remainder when 6819 is divided by 3382.
55
Calculate the remainder when 1112992 is divided by 158.
40
Calculate the remainder when 822997 is divided by 53.
13
What is the remainder when 1725857 is divided by 20?
17
What is the remainder when 52521 is divided by 5250?
21
Calculate the remainder when 3381765 is divided by 5.
0
Calculate the remainder when 125874 is divided by 2286.
144
Calculate the remainder when 95956463 is divided by 16.
15
What is the remainder when 103456 is divided by 17206?
220
Calculate the remainder when 435125 is divided by 3626.
5
Calculate the remainder when 626011 is divided by 312960.
91
What is the remainder when 33049220 is divided by 34?
30
Calculate the remainder when 1919208 is divided by 383774.
338
What is the remainder when 2651654 is divided by 630?
614
What is the remainder when 163584 is divided by 30?
24
Calculate the remainder when 318606 is divided by 79536.
462
Calculate the remainder when 225297 is divided by 110021.
5255
Calculate the remainder when 201231 is divided by 6030.
2241
Calculate the remainder when 15627 is divided by 6563.
2501
Calculate the remainder when 117155 is divided by 1002.
923
Calculate the remainder when 825111 is divided by 33004.
11
Calculate the remainder when 4102803 is divided by 1076.
15
Calculate the remainder when 25605920 is divided by 308505.
5
Calculate the remainder when 327419 is divided by 285.
239
Calculate the remainder when 109856 is divided by 5119.
2357
What is the remainder when 68800 is divided by 3268?
172
What is the remainder when 104765 is divided by 3591?
626
What is the remainder when 6101844 is divided by 6436?
516
Calculate the remainder when 1750449 is divided by 132.
129
What is the remainder when 2934 is divided by 65?
9
What is the remainder when 296662179 is divided by 10?
9
Calculate the remainder when 53023 is divided by 874.
583
What is the remainder when 10378807 is divided by 169?
10
What is the remainder when 1871969 is divided by 896?
225
What is the remainder when 2619605 is divided by 529?
526
What is the remainder when 460521 is divided by 92090?
71
Calculate the remainder when 155087 is divided by 11444.
6315
What is the remainder when 10097579 is divided by 2524371?
95
Calculate the remainder when 110827 is divided by 367.
360
What is the remainder when 899095 is divided by 56185?
135
Calculate the remainder when 403117652 is divided by 82.
76
What is the remainder when 164970507 is divided by 12?
3
What is the remainder when 1176021 is divided by 235200?
21
What is the remainder when 85702 is divided by 10696?
134
Calculate the remainder when 2518252 is divided by 78.
22
What is the remainder when 10977235 is divided by 426?
67
What is the remainder when 1197241 is divided by 2165?
2161
What is the remainder when 3286410 is divided by 1643203?
4
Calculate the remainder when 887893 is divided by 46.
1
What is the remainder when 101873253 is divided by 184?
181
Calculate the remainder when 13247252 is divided by 131.
8
Calculate the remainder when 30657 is divided by 639.
624
What is the remainder when 51189 is divided by 12761?
145
What is the remainder when 11975 is divided by 5474?
1027
Calculate the remainder when 546025 is divided by 546024.
1
What is the remainder when 103121757 is divided by 103121751?
6
Calculate the remainder when 645436 is divided by 160.
156
What is the remainder when 3350877 is divided by 71295?
12
What is the remainder when 299984 is divided by 148542?
2900
What is the remainder when 5716909 is divided by 144?
109
What is the remainder when 259445727 is divided by 32?
31
What is the remainder when 30029224 is divided by 47970?
4
What is the remainder when 153915 is divided by 1006?
1003
What is the remainder when 3775441 is divided by 943826?
137
Calculate the remainder when 8161498 is divided by 1165925.
23
What is the remainder when 2113701 is divided by 21?
9
Calculate the remainder when 25140642 is divided by 708.
270
What is the remainder when 536084 is divided by 2062?
2026
Calculate the remainder when 5791701 is divided by 2363.
2351
What is the remainder when 1460811 is divided by 20574?
57
Calculate the remainder when 2207607 is divided by 84.
3
Calculate the remainder when 13575244 is divided by 10.
4
Calculate the remainder when 3157900 is divided by 57412.
240
What is the remainder when 1084397 is divided by 721?
13
What is the remainder when 1524742 is divided by 5294?
70
What is the remainder when 35892 is divided by 5663?
1914
Calculate the remainder when 45849373 is divided by 7641560.
13
What is the remainder when 1634394 is divided by 230?
14
What is the remainder when 794973 is divided by 24842?
29
What is the remainder when 22416360 is divided by 36628?
24
What is the remainder when 292679 is divided by 70576?
10375
What is the remainder when 100662140 is divided by 27?
11
Calculate the remainder when 616082 is divided by 9478.
12
What is the remainder when 63591741 is divided by 485?
481
What is the remainder when 17707